f g(12)?
5
Let w be (-1635)/10*32/(-12). What is the units digit of (-6)/4 - w/(-8)?
3
Let l(f) = -5*f + 1. Let a be l(-8). Suppose 4*j + 17 = 5*b, a = 5*b + 4*j + 8. Suppose -4*i = 3*z, b*i + 5*z + 1 = z. What is the units digit of i?
3
What is the tens digit of 45/(6 + (-81)/15)?
7
Let r = -98 - -69. Let b = -14 - r. Suppose 6 = -2*q, 2*q - b = -4*p - 5. What is the units digit of p?
4
Suppose -5*b + 2*v + 222 = 0, -4*b + 4*v - 246 = -9*b. What is the tens digit of b?
4
Suppose -14 = 2*t + 2*q, 0*t + 5*q = -t - 19. What is the units digit of 0*1/t + 39?
9
Suppose -3 = -3*z + 6. Let q(y) = -8*y**3 + 10*y**z - 3*y**3 - 5*y**2 - 2*y - 4*y - 5. What is the units digit of q(-5)?
5
Suppose -2*m = 3*c - 1478, 0 = 3*c - 4*m + 716 - 2170. What is the hundreds digit of c?
4
Suppose -2*v - 3*v + 15 = 0. Suppose 5*u - v = -13. What is the units digit of -2 + 3 - (-1 + u)?
4
Suppose -1 = -4*z + 5*c + 16, 3*c = -4*z + 9. Suppose -3*g + 6 = -0*g, 0 = -3*h + z*g - 33. What is the tens digit of ((-6)/h + 0)*18?
1
Suppose 0 = 5*i + 3*s - 26, 0 = 2*i - 5*i - 4*s + 20. Suppose -2*u + i*u - 2 = 0. Suppose -a = -u + 4, -2*c - a = -59. What is the units digit of c?
1
Let w(a) = 17*a - 2. Suppose n + 7*n - 48 = 0. What is the hundreds digit of w(n)?
1
What is the units digit of -5 + 461 + (-3 - 0)?
3
Let n = 1217 - 331. What is the hundreds digit of n?
8
Let p(n) = n + 2. Let z be p(5). Let i(r) = 0 + 4 - z*r + 3 + 5*r. What is the tens digit of i(-6)?
1
Suppose -5*z = -17*z + 2040. What is the units digit of z?
0
Let b = 57 - 204. What is the tens digit of (4/4)/((-3)/b)?
4
Let s(k) = -k**3 + 11*k**2 - 9*k - 9. Suppose -2*g - 22 = -8. Let c = g + 17. What is the units digit of s(c)?
1
Let z(i) = 528*i**2 - i + 4. What is the thousands digit of z(2)?
2
Suppose 86*k - 7992 = 12*k. What is the tens digit of k?
0
Suppose -2*g + 0 = 4. Let l be 10/(((-12)/39)/g). What is the units digit of (-26)/l - 192/(-5)?
8
Suppose 1110*a + 22026 = 1116*a. What is the hundreds digit of a?
6
Let s be -46*((-18)/4)/(-3). What is the units digit of ((-46)/s)/((-4)/(-642))?
7
Suppose -10*g - 5*p - 554 = -11*g, -2*g = 5*p - 1183. What is the units digit of g?
9
What is the hundreds digit of 1*32/4*519/12?
3
Let a(c) = -c**3 - c**2 - 3*c - 1. Let u be a(-4). Let v = u + -35. What is the units digit of v?
4
Let p(l) = -9*l**2 + 1. Let a(d) = -d**2 - d. Let m(h) = -a(h) - p(h). Let r be m(1). Suppose -r = -3*b + 29. What is the units digit of b?
3
Suppose -5*w = -2*u - 2, 2*w + 5*u + 5 = 5*w. Suppose w = s + 5*t - 127, 4*s + 25 - 584 = -3*t. What is the tens digit of s?
4
Suppose 0 = 5*j - 25 - 15. Suppose -j*o + 220 = 3*o. What is the units digit of o?
0
What is the units digit of 12/(-102) - (-22450)/85?
4
Suppose -2*k + 4 = 2*b, -2*k + 5*b - 3 + 21 = 0. Suppose -3*y + 99 = -4*a + 491, -k*a + 392 = y. What is the units digit of a?
8
Let s be (10 - 10)/(2*1). Suppose 2*g + t - 3 = 0, s = g - 2*g - 3*t + 9. Suppose g = 3*p - 4*i - 100, i = 4*p - 0*i - 142. What is the tens digit of p?
3
Suppose 10*y - 26843 = -6213. What is the hundreds digit of y?
0
Suppose j + 2*u - 733 = 1883, 4*j = -u + 10485. What is the hundreds digit of j?
6
Let g = 2820 - 293. What is the units digit of g?
7
What is the units digit of 4*(1043/14 - -4)?
4
What is the units digit of ((-24)/10)/(591/(-195) - -3)?
8
Suppose -5*m = -2*z + 42 + 142, 3*m - 297 = -3*z. What is the tens digit of z?
9
Suppose 0*a - 4*p = -2*a + 210, 0 = 3*a + 3*p - 279. Suppose 4*n = 171 + a. What is the units digit of n?
7
Let d(f) = -14*f + 8. Let m be d(5). Let s = 114 + m. What is the tens digit of s?
5
Suppose i + 2*t + 2 = 0, 0 = -3*i - 6*t + t - 2. Suppose 0 = -4*v + i*v - 42. Suppose -v - 35 = -4*g. What is the units digit of g?
4
Suppose 9*u - 7*u = 26. Suppose 0 = -4*c + u - 5. Suppose 4*a - 28 = c*h, -5*h + 2 = 3*a - a. What is the units digit of a?
6
Let m be (-30)/12*8/(-5). What is the units digit of -85*(-1 + m)/(-3)?
5
Let c = 558 + -707. Let y be 483/(-5) + (-4)/10. Let q = y - c. What is the tens digit of q?
5
Suppose 0 = n + 4 - 3. What is the tens digit of 95 + -2 + 5 + 0/n?
9
Let d(b) = -b**3 + 3*b**2 + 4*b + 2. Let r be d(4). Let q(f) = 62*f - 1. What is the units digit of q(r)?
3
Suppose 72*k + 27732 = 84*k. What is the thousands digit of k?
2
Suppose -4*a - 2*c + 1220 = 0, a - 1515 = -4*a - 5*c. What is the tens digit of a?
0
Let a(o) = 8*o**2 - 62*o + 2. What is the units digit of a(9)?
2
Let x(l) = -45*l**3 - 10 + l + 46*l**3 - 3*l + 8*l**2. What is the units digit of x(-5)?
5
Let l(c) = 2*c - 7. Let m be l(5). Let s(w) be the third derivative of w**5/20 + w**4/8 - w**3/6 - 2*w**2 + 9. What is the units digit of s(m)?
5
Suppose 0 = -26*u + 28*u - 336. What is the units digit of u?
8
Suppose 2*a + 4*g = 6, -a = 3*a - 4*g - 12. Suppose -s - a*y + 12 = 2*s, 2*s = 3*y + 8. Suppose -104 = -0*l - s*l. What is the units digit of l?
6
Suppose -f + 652 = -8*m + 4*m, -f + 649 = -m. What is the hundreds digit of f?
6
Let s(x) = 3*x**2 - 18*x - 40. What is the tens digit of s(-16)?
1
Let n be 1/(3 + (-37)/12). Let u be (-8)/3*9/n. Suppose 5*s = 5*o - 225, -4*s - 6 = -u*s. What is the units digit of o?
2
Let q = 1 - 1. Suppose -2 = -n - 0, q = 4*r + n - 10. Suppose 5*g = 2*f + 339, 3*g - r*f = -g + 272. What is the tens digit of g?
6
Suppose 0 = -2*f - 2*a - 110, 4*a - 2*a = 5*f + 296. Let q = f - -105. Let j = q - 23. What is the tens digit of j?
2
Let j = 814 + -549. What is the tens digit of j?
6
Let k(w) = -4*w - 2. Let i be k(-2). Let s be i/30 - 439/(-5). Suppose -7*u + s = -3*u. What is the tens digit of u?
2
Let i(m) = 2*m**3 - 76*m**2 - 49*m + 49. What is the tens digit of i(39)?
8
What is the hundreds digit of (10/(-25))/(2/(-2705))?
5
Suppose -33*j = -38*j + 1215. What is the hundreds digit of j?
2
Suppose 3*f = 11 + 4. Let g be f/((-20)/(-12)) + -1. Suppose g*h = 6 - 4. What is the units digit of h?
1
Let a = -50 + 77. What is the units digit of (-427)/(-4) - a/36?
6
Suppose 0 = -6*g + 189 + 1077. What is the units digit of g?
1
Suppose 7*h = 138 - 586. What is the units digit of (3 + 3)*h/(-12)?
2
Let q be -1 + (-3467)/(-15) + (-16)/120. Let b = -119 + q. What is the hundreds digit of b?
1
Let n(l) = 4*l. Let u be n(-4). Let q(w) = -6*w + 17*w - 15*w**2 - w**3 + 8 + 3*w. What is the units digit of q(u)?
0
Suppose 27*w + 2*w - 33901 = 0. What is the tens digit of w?
6
Suppose 59 = -4*q + 3*p, -4*q - 74 = -7*p + 9*p. Let x(m) = -m**3 - 19*m**2 - 34*m + 14. What is the units digit of x(q)?
4
Suppose 3*o - 225 = 3*z, -z + 3*z + 296 = 4*o. What is the tens digit of (-5)/((-10)/o)*2?
7
What is the hundreds digit of (-5523)/(-9) + 3/9?
6
Let o(r) = -3*r**2 + 3*r + 812. What is the tens digit of o(0)?
1
Suppose 56531 = 8*i + 7523. What is the units digit of i?
6
Suppose -3285 = -16*x - 453. What is the units digit of x?
7
Suppose u = 24 - 117. Let c be (-2)/(-4) - u/6. Suppose 0*l - c = -l. What is the units digit of l?
6
Suppose 6*v + 253 = -29. What is the units digit of (v/(-2))/(4/8)?
7
Let x(o) = 178*o**3 + o**2. Suppose 0 = -36*c + 31*c + 5. What is the tens digit of x(c)?
7
Let c = 78 + 163. Suppose -4*t + 2*t = -3*j - 482, -c = -t - 4*j. What is the units digit of t?
1
Let s(o) = -o**3 + 4*o**2 - o - 3. Let q be s(2). Suppose 2*v + q*v = c - 77, -3*c = -5*v - 261. What is the tens digit of c?
9
Suppose 4*x + 7744 = 6*x - 2*c, 3*c + 3872 = x. What is the units digit of x?
2
Let t = 0 + 27. Suppose -17 - t = -y. Suppose -5*l - y = -5*p + 1, 0 = p + 2*l + 3. What is the units digit of p?
5
What is the units digit of 1065 + 4 + (-1 - -1)?
9
Let g = 1222 + -672. Suppose -2*b = 4*y - 110 - 110, 5*b = y + g. Suppose 0 = -2*f + 3*h + 54, -f - 4*f = 5*h - b. What is the tens digit of f?
2
Let h = 480 - 399. What is the units digit of h?
1
Let g(t) = -36*t + 16. Let l(r) = 2. Let u(n) = -2*g(n) + 12*l(n). What is the units digit of u(2)?
6
Let w = 15 + -12. Suppose 4 + w = 2*p - 3*z, 2*z - 2 = -2*p. Suppose 4*q = -3*x + 136, p*x = -q - 2*x + 21. What is the tens digit of q?
3
Let k = -516 - -1206. What is the units digit of k?
0
Let q(w) = w + 7*w + 3 - w - 2. Let i be q(3). Let y = i - -33. What is the tens digit of y?
5
Let d be 148/16 - (-2)/(-8). Suppose -d*r = -6*r - 156. What is the units digit of r?
2
Let y be -8 